5*d(m) - 2*f(m). Give l(-12).
-56
Let x be 3 + (-11)/(22/30). Let j(k) = k**2 + 10*k + 14. Give j(x).
38
Let a(l) be the second derivative of 7*l**3/6 - 3*l**2/2 - 4*l - 22. What is a(4)?
25
Let x(c) = 10*c - 4 + c**3 - 11 + 263*c**2 - 123*c**2 - 128*c**2. Determine x(-11).
-4
Let c(j) = -j - 7. Let s = -7 - -20. Let l(m) = -m**3 + 14*m**2 - 13*m + 8. Let x be l(s). Let b = x - 15. Give c(b).
0
Let p(j) be the second derivative of j**4/12 - j**3 + j**2/2 + 5*j + 5. Give p(4).
-7
Suppose u + 2 - 7 = 0. Suppose -5*b + 0*l - l - 9 = 0, -5 = -u*l. Let v(c) be the first derivative of -2*c**3/3 - c**2 + c + 1. Determine v(b).
-3
Let q(y) = 6*y - 8*y - 1 + 3*y - 6*y**3. Let x be -1 + (-5 - 6/(-2)). Let p(z) = z**2 + 4*z + 4. Let j be p(x). Calculate q(j).
-6
Let g(j) be the first derivative of 43 + 1/2*j**2 - 18*j. Give g(0).
-18
Let k(r) = 4*r**3 - 8*r**2 + 30*r - 13. Let x(c) = -c**3 + 2*c**2 - 7*c + 3. Let a(o) = -6*k(o) - 26*x(o). Calculate a(2).
4
Let l(a) = a**2 - 9*a + 11. Let b(g) = g**2 - 9*g + 12. Let d(n) = -4*b(n) + 5*l(n). Let j be d(8). Let z(f) = 6*f**3 - f**2 - f. What is z(j)?
-6
Let h(x) be the first derivative of x**4/4 + 2*x**3 + 3*x**2 - 3*x + 122. Determine h(-5).
-8
Let t = 11 - 5. Suppose 4*r = -4*q, t*q + 16 = 3*r + q. Let o(d) = -d**3 - 121*d - 3*d**r + 122*d + 5*d**2. Calculate o(-2).
14
Let z be ((-7)/21)/(2/(-6)). Let m(s) be the third derivative of -s**6/20 + s**4/12 - s**3/6 - 4*s**2. Give m(z).
-5
Let o(s) = 6*s + 7. Suppose 0 = -4*k + 2304 - 2332. Calculate o(k).
-35
Let a(c) = -12*c**2 + 24*c + 69. Let n(l) = -7*l**2 + 12*l + 35. Let x(k) = 4*a(k) - 7*n(k). Give x(-5).
-4
Let d(n) = -7*n**3 - 7*n**2 - 5*n + 14. Let u(w) = w**3 + w**2 + w. Let j(c) = c - 9. Let p be j(15). Let b(i) = p*u(i) + d(i). Determine b(0).
14
Let x(a) = -2*a + 8. Let t(s) = 6*s - 1. Let u(p) = -2*t(p) + x(p). Give u(5).
-60
Let g(t) = 553*t**3 - 3*t + 0*t - 552*t**3 + 1 + 4*t**2. Calculate g(-5).
-9
Let z(j) = -15*j + 5. Let u(b) = -5*b + 2. Let l(i) = 5*u(i) - 2*z(i). What is l(1)?
5
Let k(a) = -5*a - 53 + 4*a + 58 - a + a. Suppose 1 = s - 4. Calculate k(s).
0
Let b be ((-140)/(100/10))/(-2). Let z(v) = -2*v**2 + 9*v - 2. Determine z(b).
-37
Let u be (0 + (3 - 0))*(4 + -3). Let m(s) = 2 + 0*s - s + 0*s + u*s. Calculate m(2).
6
Suppose -4*j + 3*j + 3*l - 1 = 0, 14 = 4*j - 3*l. Suppose -6*b = -j*b - 4. Let m(d) = b*d - 4 + 1 + 3*d**3 - 5*d**3 - 4*d**2 + 3*d**3. Give m(3).
0
Let t(f) = f**3 - 5*f**2 + 4*f. Let c(g) = 16*g - 27. Let o be c(8). Let b = o - 98. Determine t(b).
-6
Let g(m) = -2 + 3*m - 2*m + 0. Let n(p) = p**2 + 4*p - 1. Let x be n(-4). Let h(y) = -6*y**2 - y. Let t be h(x). Determine g(t).
-7
Let f(w) be the second derivative of w**4/12 + 11*w**3/6 + 5*w**2 - 38*w. What is f(-10)?
0
Let d be 5 - (-19)/((-95)/30). Let u(o) = -14*o + 1. Calculate u(d).
15
Let p(n) = n**3 + 3*n**2 + 2*n + 3. Let k(m) = -28*m - 2. Let j be k(-1). Suppose 29*r = j*r - 9. Calculate p(r).
-3
Let u(m) = -20*m**2 - 13*m - 26. Let l(j) = 7*j**2 + 4*j + 9. Let k(s) = -17*l(s) - 6*u(s). What is k(-6)?
-21
Let u = -197 - -193. Let d(p) = -p**2 - 3*p + 2. Calculate d(u).
-2
Let w(x) = -x**3 - x**2 + 4*x + 4. Let d be ((12 - 3) + -5)*1/2. Suppose d*i = -7*q + 2*q + 9, 3*q + 3 = -4*i. Calculate w(i).
10
Let q(v) be the third derivative of v**9/60480 + v**8/3360 - v**7/720 - v**6/144 - v**5/30 + 10*v**2. Let y(m) be the third derivative of q(m). What is y(-7)?
-5
Suppose 5*w + 5*i - 5 = 0, 2*i = 2*w - 6*w + 10. Let v(y) = y + 0*y - 9 - w*y. Let f = 151 + -157. Determine v(f).
9
Let i(n) = 5*n - 40. Let r(b) = -b + 11. Let k(c) = -i(c) - 3*r(c). Give k(8).
-9
Suppose -3*s = -12*s + 108. Suppose -11*q = -10 - s. Let j(t) = t**2 - 4*t + 3. Determine j(q).
-1
Let u(j) be the second derivative of -j**3/2 + 11*j**2/2 + 119*j - 3. What is u(4)?
-1
Let s(y) = y**3 - 4*y**2 - y - 3. Suppose -2*v + 6 = 66. Let l be v/(-3)*((-9)/(-6) - 1). Determine s(l).
17
Let p = 3 + 1. Suppose -p*c - 6 = -7*c. Let t(z) = z**2 - z + 5*z + 3 - 2*z + 4*z**c + z**3. What is t(-2)?
11
Let h be (-23)/7 + 18/63. Let w(l) = -7 + 186*l - 185*l + 8. Calculate w(h).
-2
Let u(k) = 2 + 2 - 10143*k + 12 + 14 + 10139*k. Give u(10).
-10
Let m(a) = a**3 - 11*a**2 - 2*a + 13. Let n(p) = 81*p + 92. Let j be n(-1). What is m(j)?
-9
Let o(g) = 6*g**2 - 2*g - 1. Let k = 44 - 27. Suppose -3 - k = -y. Let s be y/(-14) - (-12)/28. Determine o(s).
7
Suppose 0 = 7*a - 3*a - 12. Suppose 8*j + 0 = -0. Let y(g) = 1 + j*g - g + g**2 + 0*g. Calculate y(a).
7
Let x be (3/4)/((-5)/(-40)). Let k(w) be the third derivative of w**6/120 - w**5/10 + w**4/8 - 7*w**3/6 - 28*w**2. Determine k(x).
11
Let t(r) = -5*r - 79. Let k be t(-17). Let z(x) = -9*x**3 + 5 + 22*x**3 - 7*x - 5*x**2 - 12*x**3. Give z(k).
-1
Let f(p) = -p - 5. Let n(b) = b**2 - 14*b + 6. Let x be n(14). Let t(w) = -3*w - 5*w - 4 + w + x*w. Let v be t(0). Give f(v).
-1
Let u(j) = j**2 - 18 - 1200*j + 1186*j + 0. What is u(16)?
14
Let b be 996/(-14) - (105/(-49) - -2). Let q = b + 64. Let s(w) = -w**3 - 7*w**2 - w - 1. Calculate s(q).
6
Let a(k) be the first derivative of -7*k**6/120 - k**5/120 - 4*k**3/3 + 16. Let m(h) be the third derivative of a(h). Determine m(-1).
-20
Let u(c) = c + 6955 - 2*c - 6942 - c**3. Suppose -8 = -3*v - 0*v + 4*i, -4 = -2*v + 2*i. Give u(v).
13
Let i(j) = j - 1. Let x(s) = -s + 2. Let h = 13 - 8. Let z(p) = h*i(p) + 4*x(p). Determine z(0).
3
Let q(t) = 2*t**3 + t**2 + 2*t - 1. Let o be q(0). Let p(j) = -24*j**2 + j + 1. Determine p(o).
-24
Let b = -6 - -3. Let q = b + 8. Let h(i) = -1286*i**2 + 640*i**2 + 4*i + 7*i + 1 - 5*i + 645*i**2. Determine h(q).
6
Let o(b) = -b**3 - 7*b**2 + 9*b + 12. Let d be o(-8). Suppose d*c = 13 - 5. Suppose 2*s = s + c*w - 5, 0 = -s - 3*w. Let i(j) = -j**2 - j + 3. Give i(s).
-3
Let q be 1 + 2/((-8)/4*1). Let v(i) = 2601 + q*i**2 - i**2 - 2599 - i. Give v(0).
2
Let f = 18 + -21. Let a be (0 - f)*(-12)/(-18). Let z(j) = 4*j - 2. Give z(a).
6
Let q(y) = -6*y + 1. Let p(w) = 14*w + 2. Let k(l) = p(l) + q(l). Give k(-1).
-5
Let p = -35 + 37. Suppose 0 = -u - 5, 22 = c - p*u - 2*u. Let w(m) be the third derivative of m**5/60 + m**3/6 - m**2. Determine w(c).
5
Let o(p) be the first derivative of p**2/2 - p + 2. Let i = -22 + 22. Let j(f) = -f**3 + f**2 + 5. Let x be j(i). Determine o(x).
4
Let t(h) be the third derivative of 1/24*h**4 + 0 + 23*h**2 - 5/6*h**3 + 0*h + 1/120*h**6 - 1/12*h**5. What is t(5)?
0
Let j = 574 + -580. Let u(k) = 7*k**3 + 5*k**2 - 9*k - 8. Let z(c) = 13*c**3 + 10*c**2 - 18*c - 16. Let p(d) = 11*u(d) - 6*z(d). What is p(j)?
-10
Suppose 6 + 0 = -2*h. Let x(d) = d**3 + d**2 + 1. Let r(j) = -4*j**3 - 14*j**2 + 13*j + 14. Let v(c) = h*x(c) - r(c). Give v(-12).
-5
Let p = 4 - 2. Suppose 3*w - 33 = -0*j + p*j, -27 = -2*w + 3*j. Let z be 1/3*(w - 9). Let y(f) = f + 1. Give y(z).
1
Let w(f) be the second derivative of -f - f**2 + 1/20*f**5 + 1/4*f**4 + 1/6*f**3 + 0. Determine w(-3).
-5
Let j = 598 - 598. Let x(n) = -3*n - 12. Give x(j).
-12
Let x = -3 - 0. Let s be 7 + -3*(-4)/x. Let u(a) = s + a - 3*a - a - 10. Calculate u(-5).
8
Let p(f) = 1512 + 2*f**2 - 6*f - 1509 - 3*f**2. Let d be 6*(-2 - 1/(-1)). Determine p(d).
3
Let r(k) be the first derivative of -k**5/30 + k**4/3 - 2*k**3/3 + 15*k**2/2 + 14. Let m(y) be the second derivative of r(y). Give m(5).
-14
Let s(u) be the third derivative of -u**4/24 + 5*u**3/6 - u**2. Suppose -6 = -64*p + 56*p + 26. What is s(p)?
1
Let k(l) = -l**2 + 20*l - 14. Let y be (22/(-44))/((4 - 1)/(-114)). Determine k(y).
5
Let w(g) = g**3 + 3*g**2 - 6*g - 6. Let n be w(-4). Let q(l) = 6*l**n - 3*l**2 + l - 1 - 3*l - l**2. What is q(-1)?
3
Let t(f) = f - 7. Let p be 23*(2 + (4 - 7)). Let g = -18 - p. Give t(g).
-2
Let v(z) = 5*z**2 + 5*z + 3. Let o(k) = 14*k**2 + 14*k + 10. Let i(a) = -4*o(a) + 11*v(a). What is i(-6)?
-37
Let w(y) = -y**2 - 6*y. Let x be (-29)/5 - (-17)/(-85). Determine w(x).
0
Let u(i) = -9*i + 9. Let k(v) = 26*v - 27. Let o(g) = 6*k(g) + 17*u(g). Let t(w) = w**3 + 40*w**2 + 175*w + 6. Let f be t(-5). Give o(f).
9
Let a(w) = -5*w. Let h be a(-1). Let p(s) = 169 + s**2 - 5*s - 54 - 57 - 51. What is p(h)?
7
Let b(h) = -29*h - 7. Let x(d) = 65*d + 16. Let z(t) = -7*b(t) - 3*x(t). Give z(-5).
-39
Let y(x) = x**2 + 3*x - 2. Suppose -2*t - 5*k = -3*t